{"id":50,"date":"2024-10-28T22:20:54","date_gmt":"2024-10-28T21:20:54","guid":{"rendered":"https:\/\/www.skholeava.com\/?page_id=50"},"modified":"2024-10-28T22:20:55","modified_gmt":"2024-10-28T21:20:55","slug":"apprendre-de-la-vie-et-des-autres","status":"publish","type":"page","link":"https:\/\/www.skholeava.com\/index.php\/apprendre-de-la-vie-et-des-autres\/","title":{"rendered":"Apprendre de la Vie et des Autres"},"content":{"rendered":"\n<p>Dans une soci\u00e9t\u00e9 comme la n\u00f4tre, o\u00f9 l\u2019\u00eatre humain est pris en compte seulement dans ses dimensions physique et psychique, il nous a sembl\u00e9 opportun de cr\u00e9er un espace de rencontre, de dialogue et de partage o\u00f9 l\u2019on puisse se donner le temps de consid\u00e9rer la dimension verticale de l\u2019existence comme essentielle au plein \u00e9panouissement de notre humanit\u00e9. Il s\u2019agit de retrouver le sens profond de la qu\u00eate de sagesse qui a anim\u00e9 les anciennes \u00e9coles philosophiques (les <em>skhol\u00e9s<\/em>), dans lesquelles la vie, dans toutes ses expressions, \u00e9tait con\u00e7ue comme une r\u00e9alit\u00e9 portant en soi les traces d\u2019un \u201cmyst\u00e8re sacr\u00e9\u201d. Envisager aujourd\u2019hui la cr\u00e9ation d\u2019une skhol\u00e9 dans laquelle l\u2019axe spirituel soit sa colonne vert\u00e9brale est un d\u00e9fi lanc\u00e9 \u00e0 la pens\u00e9e dominante qui assimile toute qu\u00eate spirituelle soit \u00e0 une forme de d\u00e9veloppement personnel, soit \u00e0 un syncr\u00e9tisme superficiel et st\u00e9rile, ou \u00e0 croyance religieuse particuli\u00e8re. La sp\u00e9cificit\u00e9 de cette skhol\u00e9, contrairement aux \u00e9coles philosophiques anciennes, est celle de ne pas \u00eatre redevable d\u2019un enseignement particulier ni, \u00e0 plus grande raison, d\u2019un \u201cma\u00eetre\u201d particulier. Il s\u2019agit donc de cr\u00e9er un espace et un temps o\u00f9 toute personne consciente de l\u2019importance de sa dimension int\u00e9rieure puisse rencontrer d\u2019autres personnes anim\u00e9es par le m\u00eame d\u00e9sir. Chaque rencontre est centr\u00e9e sur une th\u00e9matique particuli\u00e8re pr\u00e9sent\u00e9e chaque fois par une personne diff\u00e9rente, appartenant \u00e0 la skhol\u00e9 ou venant de l\u2019ext\u00e9rieur, d\u00e9sireuse de partager ses exp\u00e9riences de vie, ses lectures, ses r\u00e9flexions, ses r\u00e9alisations culturelles ou artistiques, ses attentes, etc. Le but de ces rencontres est essentiellement celui d\u2019identifier et de tirer le fil rouge spirituel qui est au centre de la th\u00e9matique pr\u00e9sent\u00e9e afin qu\u2019elle puisse r\u00e9sonner et enrichir l\u2019\u00e9change et la r\u00e9flexion commune. Ces rencontres sont toujours ouvertes \u00e0 tous ceux qui se reconnaissent dans un d\u00e9sir d\u2019approfondissement et de partage de leur dimension int\u00e9rieure, dans un esprit d\u2019\u00e9coute et de respect r\u00e9ciproque.<\/p>\n\n\n\n<ul class=\"wp-block-list\">\n<li>Pourquoi Skhol\u00e9\u00a0? Le mot <em>skhol\u00e9<\/em>, qui est \u00e0 l\u2019origine du mot <em>\u00e9cole<\/em>,appartient au grec ancien et d\u00e9signe un temps soustrait aux contingences et aux urgences de la vie quotidienne, un temps consacr\u00e9 \u00e0 la r\u00e9flexion et \u00e0 l\u2019apprentissage de tout ce qui peut contribuer \u00e0 rendre libre l\u2019\u00eatre humain.\u00a0<\/li>\n\n\n\n<li>Pourquoi AVA\u00a0? La devise de notre Skhol\u00e9 est \u201c<strong>A<\/strong>pprendre de la <strong>V<\/strong>ie et des <strong>A<\/strong>utres\u201d. La Skhol\u00e9 AVA n\u2019est rattach\u00e9e \u00e0 aucun enseignement particulier ni \u00e0 aucun enseignant ou ma\u00eetre particulier, ni \u00e0 aucune \u00e9glise ou \u00e9cole de pens\u00e9e d\u00e9finie. Sa finalit\u00e9 est l\u2019ouverture d\u2019un espace de r\u00e9flexion et d\u2019\u00e9change o\u00f9 chacun a quelque chose \u00e0 apprendre mais aussi quelque chose \u00e0 apporter, \u00e0 partager et \u00e0 donner de son exp\u00e9rience de vie. La Vie elle-m\u00eame, dans toutes ses dimensions, et les Autres, dans la richesse, pour chacun, de son chemin int\u00e9rieur, sont les t\u00e9moins de l\u2019axe spirituel autour duquel nous souhaitons construire la Skhol\u00e9 AVA.<\/li>\n<\/ul>\n","protected":false},"excerpt":{"rendered":"<p>Dans une soci\u00e9t\u00e9 comme la n\u00f4tre, o\u00f9 l\u2019\u00eatre humain est pris en compte seulement dans ses dimensions physique et psychique, il nous a sembl\u00e9 opportun &hellip;<\/p>\n","protected":false},"author":1,"featured_media":0,"parent":0,"menu_order":0,"comment_status":"closed","ping_status":"closed","template":"","meta":{"footnotes":""},"class_list":["post-50","page","type-page","status-publish","hentry"],"_links":{"self":[{"href":"https:\/\/www.skholeava.com\/index.php\/wp-json\/wp\/v2\/pages\/50","targetHints":{"allow":["GET"]}}],"collection":[{"href":"https:\/\/www.skholeava.com\/index.php\/wp-json\/wp\/v2\/pages"}],"about":[{"href":"https:\/\/www.skholeava.com\/index.php\/wp-json\/wp\/v2\/types\/page"}],"author":[{"embeddable":true,"href":"https:\/\/www.skholeava.com\/index.php\/wp-json\/wp\/v2\/users\/1"}],"replies":[{"embeddable":true,"href":"https:\/\/www.skholeava.com\/index.php\/wp-json\/wp\/v2\/comments?post=50"}],"version-history":[{"count":1,"href":"https:\/\/www.skholeava.com\/index.php\/wp-json\/wp\/v2\/pages\/50\/revisions"}],"predecessor-version":[{"id":51,"href":"https:\/\/www.skholeava.com\/index.php\/wp-json\/wp\/v2\/pages\/50\/revisions\/51"}],"wp:attachment":[{"href":"https:\/\/www.skholeava.com\/index.php\/wp-json\/wp\/v2\/media?parent=50"}],"curies":[{"name":"wp","href":"https:\/\/api.w.org\/{rel}","templated":true}]}}